
8
What is the remainder when 554528 is divided by 1783?
15
Calculate the remainder when 42834 is divided by 3569.
6
Calculate the remainder when 1958 is divided by 53.
50
What is the remainder when 3450 is divided by 572?
18
Calculate the remainder when 391896 is divided by 195942.
12
Calculate the remainder when 1392 is divided by 300.
192
Calculate the remainder when 13015 is divided by 1183.
2
What is the remainder when 188186 is divided by 5227?
14
Calculate the remainder when 725688 is divided by 14.
12
What is the remainder when 186502 is divided by 443?
442
Calculate the remainder when 101726 is divided by 33902.
20
What is the remainder when 71770 is divided by 11?
6
Calculate the remainder when 582765 is divided by 555.
15
Calculate the remainder when 1526 is divided by 514.
498
What is the remainder when 1854 is divided by 1813?
41
What is the remainder when 21941 is divided by 5477?
33
What is the remainder when 731 is divided by 652?
79
What is the remainder when 882 is divided by 154?
112
Calculate the remainder when 33117 is divided by 160.
157
What is the remainder when 24584 is divided by 1171?
1164
What is the remainder when 1628 is divided by 538?
14
Calculate the remainder when 121939 is divided by 91.
90
What is the remainder when 215637 is divided by 60?
57
What is the remainder when 15242 is divided by 1420?
1042
Calculate the remainder when 15066477 is divided by 220.
217
What is the remainder when 3621 is divided by 237?
66
What is the remainder when 1336915 is divided by 32?
19
Calculate the remainder when 809 is divided by 530.
279
Calculate the remainder when 769 is divided by 215.
124
Calculate the remainder when 1268 is divided by 869.
399
What is the remainder when 4734 is divided by 456?
174
Calculate the remainder when 25067 is divided by 114.
101
What is the remainder when 2796 is divided by 311?
308
Calculate the remainder when 7389 is divided by 125.
14
Calculate the remainder when 625 is divided by 409.
216
Calculate the remainder when 730301 is divided by 36515.
1
Calculate the remainder when 557 is divided by 554.
3
What is the remainder when 253336 is divided by 9?
4
Calculate the remainder when 1256 is divided by 118.
76
What is the remainder when 1880058 is divided by 65?
63
What is the remainder when 13724 is divided by 6857?
10
Calculate the remainder when 2904 is divided by 558.
114
Calculate the remainder when 14790 is divided by 85.
0
Calculate the remainder when 1270 is divided by 79.
6
Calculate the remainder when 2992 is divided by 1078.
836
Calculate the remainder when 2423 is divided by 483.
8
Calculate the remainder when 1613 is divided by 52.
1
What is the remainder when 1577 is divided by 318?
305
What is the remainder when 9143 is divided by 2944?
311
What is the remainder when 2217 is divided by 128?
41
Calculate the remainder when 4944 is divided by 338.
212
Calculate the remainder when 2557 is divided by 435.
382
What is the remainder when 25821 is divided by 4300?
21
What is the remainder when 40210 is divided by 18?
16
Calculate the remainder when 7875 is divided by 1123.
14
What is the remainder when 25444 is divided by 1213?
1184
What is the remainder when 26869 is divided by 623?
80
What is the remainder when 315185 is divided by 70?
45
What is the remainder when 254367 is divided by 50?
17
What is the remainder when 93621 is divided by 8?
5
What is the remainder when 1026 is divided by 606?
420
What is the remainder when 11714 is divided by 404?
402
What is the remainder when 4351 is divided by 977?
443
Calculate the remainder when 79469 is divided by 161.
96
Calculate the remainder when 31985 is divided by 122.
21
What is the remainder when 966 is divided by 115?
46
What is the remainder when 6283 is divided by 6?
1
Calculate the remainder when 8188 is divided by 3166.
1856
Calculate the remainder when 161732 is divided by 88.
76
Calculate the remainder when 62830 is divided by 1698.
4
What is the remainder when 9250 is divided by 793?
527
Calculate the remainder when 2887 is divided by 326.
279
What is the remainder when 4312 is divided by 68?
28
What is the remainder when 1880016 is divided by 92?
88
Calculate the remainder when 30760 is divided by 1616.
56
Calculate the remainder when 3956 is divided by 38.
4
Calculate the remainder when 24307 is divided by 2699.
16
What is the remainder when 1627 is divided by 71?
65
What is the remainder when 4305 is divided by 75?
30
What is the remainder when 1670 is divided by 827?
16
Calculate the remainder when 6622 is divided by 2453.
1716
What is the remainder when 994 is divided by 913?
81
Calculate the remainder when 151185 is divided by 10078.
15
What is the remainder when 25190 is divided by 6?
2
Calculate the remainder when 273 is divided by 19.
7
What is the remainder when 1515 is divided by 23?
20
What is the remainder when 316349 is divided by 35148?
17
Calculate the remainder when 7235 is divided by 256.
67
What is the remainder when 159539 is divided by 265?
9
Calculate the remainder when 13632 is divided by 427.
395
What is the remainder when 550 is divided by 85?
40
Calculate the remainder when 6283 is divided by 273.
4
Calculate the remainder when 4651 is divided by 774.
7
Calculate the remainder when 2727 is divided by 210.
207
Calculate the remainder when 2431 is divided by 97.
6
Calculate the remainder when 9113 is divided by 2836.
605
Calculate the remainder when 131390 is divided by 26277.
5
Calculate the remainder when 62770 is divided by 2853.
4
What is the remainder when 140668 is divided by 128?
124
Calculate the remainder when 3662 is divided by 1215.
17
Calculate the remainder when 37304 is divided by 424.
416
What is the remainder when 569473 is divided by 75?
73
Calculate the remainder when 427164 is divided by 213578.
8
What is the remainder when 610 is divided by 141?
46
What is the remainder when 37817 is divided by 3151?
5
What is the remainder when 20999 is divided by 118?
113
Calculate the remainder when 1828347 is divided by 25.
22
Calculate the remainder when 44250 is divided by 14622.
384
Calculate the remainder when 47580 is divided by 74.
72
What is the remainder when 26026 is divided by 41?
32
What is the remainder when 19987 is divided by 453?
55
Calculate the remainder when 3536 is divided by 238.
204
What is the remainder when 12636 is divided by 87?
21
What is the remainder when 573 is divided by 210?
153
Calculate the remainder when 4337 is divided by 200.
137
Calculate the remainder when 178561 is divided by 44637.
13
What is the remainder when 28289 is divided by 207?
137
Calculate the remainder when 10346 is divided by 75.
71
What is the remainder when 916906 is divided by 17?
11
What is the remainder when 329885 is divided by 52?
49
What is the remainder when 190062 is divided by 297?
279
What is the remainder when 146676 is divided by 8626?
34
Calculate the remainder when 6432 is divided by 239.
218
Calculate the remainder when 5290 is divided by 2159.
972
What is the remainder when 128964 is divided by 1433?
1427
What is the remainder when 34568 is divided by 190?
178
Calculate the remainder when 257582 is divided by 728.
598
Calculate the remainder when 30990 is divided by 223.
216
Calculate the remainder when 19616 is divided by 88.
80
What is the remainder when 3800648 is divided by 70?
68
Calculate the remainder when 3997 is divided by 559.
84
Calculate the remainder when 19397 is divided by 19045.
352
Calculate the remainder when 17929 is divided by 220.
109
Calculate the remainder when 733 is divided by 344.
45
What is the remainder when 30700 is divided by 223?
149
Calculate the remainder when 140894 is divided by 46.
42
What is the remainder when 13554 is divided by 2218?
246
Calculate the remainder when 12296204 is divided by 1455.
1454
What is the remainder when 307438 is divided by 180?
178
Calculate the remainder when 1570 is divided by 169.
49
Calculate the remainder when 71792 is divided by 107.
102
What is the remainder when 89014 is divided by 3423?
16
Calculate the remainder when 4958 is divided by 155.
153
What is the remainder when 73127 is divided by 24299?
230
What is the remainder when 642 is divided by 199?
45
What is the remainder when 597932 is divided by 